{"id":31237,"date":"2023-10-31T22:50:34","date_gmt":"2023-10-31T21:50:34","guid":{"rendered":"https:\/\/juniorfritzjacquet.com\/jfj\/?page_id=31237"},"modified":"2023-11-04T22:22:27","modified_gmt":"2023-11-04T21:22:27","slug":"partenaire-carcasse-abatjour","status":"publish","type":"page","link":"https:\/\/juniorfritzjacquet.com\/jfj\/exposition-signature-jfj\/devenir-partenaire\/partenaire-carcasse-abatjour\/","title":{"rendered":"Partenaire CARRE &#8211; Carcasse Abat jour"},"content":{"rendered":"<p>[vc_row full_width=\u00a0\u00bbstretch_row_content_no_spaces\u00a0\u00bb disable_background_image=\u00a0\u00bb\u00a0\u00bb][vc_column parallax=\u00a0\u00bbcontent-moving-fade\u00a0\u00bb parallax_image=\u00a0\u00bb31238&Prime;][vc_column_text css=\u00a0\u00bb.vc_custom_1699131556074{margin-bottom: 60px !important;}\u00a0\u00bb]<!--\n\n\n<h2 style=\"text-align: center;\"><span style=\"color: #ffffff;\"><strong><em>CARRE<\/em>, partenaire fabricant carecast abat jour<\/strong><\/span><\/h2>\n\n\n-->[\/vc_column_text][vc_single_image image=\u00a0\u00bb31243&Prime; img_size=\u00a0\u00bbfull\u00a0\u00bb alignment=\u00a0\u00bbcenter\u00a0\u00bb css=\u00a0\u00bb.vc_custom_1698789428539{margin-bottom: 60px !important;}\u00a0\u00bb][\/vc_column][\/vc_row][vc_row disable_background_image=\u00a0\u00bb\u00a0\u00bb css=\u00a0\u00bb.vc_custom_1696181494807{margin-top: 60px !important;margin-bottom: 60px !important;}\u00a0\u00bb][vc_column]<div class=\"eltdf-section-title-holder eltdf-default-separator-image\" style=\"text-align: left\">\n\t\t\t<h2 class=\"eltdf-st-title\" style=\"color: #435897\">\n\t\t\t<span>Partenariat CARRE &amp; JFJ<\/span>\n\t\t<\/h2>\n\t\t\t<\/div>[vc_column_text]<\/p>\n<div class=\"wpb_text_column wpb_content_element \">\n<div class=\"wpb_wrapper\">\n<p>Nous sommes ravis de vous annoncer un partenariat exceptionnel dans le cadre de l\u2019exposition signature de Junior Fritz Jacquet. L\u2019art a le pouvoir de transcender les fronti\u00e8res, de cr\u00e9er des ponts entre les cultures et de susciter des \u00e9motions profondes. C\u2019est dans cet esprit que nous nous sommes associ\u00e9s \u00e0 CARRE.<\/p>\n<p>Depuis 46 ans, ce sont les mains d\u2019artisans fran\u00e7ais comp\u00e9tents et d\u00e9tenteurs d\u2019un savoir-faire unique qui permettent de r\u00e9aliser des cr\u00e9ations de toutes formes et de toutes dimensions, pour le plus grand bonheur de tous !<\/p>\n<p>Leader sur le march\u00e9 en France, Ets CARRE exporte ses produits dans le monde entier, sur tous les continents. De plus notre savoir-faire est reconnu par le label d\u2019\u00c9tat \u00ab\u00a0Entreprise du Patrimoine Vivant\u00a0\u00bb ou E.P.V.<\/p>\n<\/div>\n<\/div>\n<p>[\/vc_column_text][\/vc_column][\/vc_row][vc_row disable_background_image=\u00a0\u00bb\u00a0\u00bb css=\u00a0\u00bb.vc_custom_1696181494807{margin-top: 60px !important;margin-bottom: 60px !important;}\u00a0\u00bb][vc_column width=\u00a0\u00bb1\/2&Prime;]<div class=\"eltdf-section-title-holder eltdf-default-separator-image\" style=\"text-align: left\">\n\t\t\t<h2 class=\"eltdf-st-title\" style=\"color: #435897\">\n\t\t\t<span>L\u2019amour du partage avec Carre<\/span>\n\t\t<\/h2>\n\t\t\t<\/div>[vc_column_text]Les produits issus de notre usine, en France et plus pr\u00e9cis\u00e9ment en Centre Val de Loire, sont connus et r\u00e9put\u00e9s pour leur qualit\u00e9, faisant de nous le premier fabricant fran\u00e7ais de carcasses pour abat-jour au-del\u00e0 des fronti\u00e8res. Gr\u00e2ce aux ventes \u00e9galement r\u00e9alis\u00e9es \u00e0 l\u2019\u00e9tranger, le <strong>savoir-faire fran\u00e7ais<\/strong> est d\u00e9sormais pr\u00e9sent sur tous les continents. C\u2019est en effet d\u2019une grande importance pour nous qui souhaitons transmettre un m\u00e9tier de passion via des cr\u00e9ations originales !<\/p>\n<p>Pour des luminaires design, optez pour des carcasses d\u2019abat-jour d\u2019un autre genre ! Am\u00e9liorez l\u2019aspect g\u00e9n\u00e9ral de votre int\u00e9rieur avec des luminaires comme vous les avez imagin\u00e9s ! La d\u00e9coration int\u00e9rieure n\u2019aura plus de limites pour vous ; les id\u00e9es vont appara\u00eetre les unes apr\u00e8s les autres. Vous pouvez \u00e9galement ajouter de la couleur \u00e0 vos pi\u00e8ces gr\u00e2ce \u00e0 notre stock de 124 r\u00e9f\u00e9rences \u00e9poxy allant du noir au blanc en passant par des bleus, des rouges, des jaunes, \u2026<\/p>\n<p>A partir de fil cuivr\u00e9 de \u00d81.2 mm jusqu\u2019\u00e0 10 mm pour le fil d\u2019acier, chaque jour, notre \u00e9quipe de professionnels, fabrique dans notre atelier des carcasses d\u2019abat-jour. Mais \u00e9galement des grandes structures en fil m\u00e9tallique lumineuses ou non. Mais aussi d\u2019autres pi\u00e8ces pouvant s\u2019int\u00e9grer dans n\u2019importe quel environnement.[\/vc_column_text][\/vc_column][vc_column width=\u00a0\u00bb1\/2&Prime;][vc_single_image image=\u00a0\u00bb31247&Prime; img_size=\u00a0\u00bblarge\u00a0\u00bb][vc_column_text]Nos ma\u00eetres mots\u00a0:<\/p>\n<ul>\n<li><strong>R\u00e9pondre \u00e0 vos besoins<\/strong><\/li>\n<li><strong>Vous aidez dans la conception et la r\u00e9alisation de vos produits<\/strong><\/li>\n<li><strong>Vous servir rapidement et au meilleur prix<\/strong><\/li>\n<\/ul>\n<p>[\/vc_column_text][\/vc_column][\/vc_row][vc_row full_width=\u00a0\u00bbstretch_row_content\u00a0\u00bb row_content_width=\u00a0\u00bbgrid\u00a0\u00bb disable_background_image=\u00a0\u00bb\u00a0\u00bb css=\u00a0\u00bb.vc_custom_1698790466824{margin-bottom: 30px !important;background-color: #f7f7f7 !important;background-position: center !important;background-repeat: no-repeat !important;background-size: cover !important;}\u00a0\u00bb][vc_column css=\u00a0\u00bb.vc_custom_1679598759758{margin-top: 20px !important;margin-bottom: 30px !important;}\u00a0\u00bb][vc_row_inner row_content_width=\u00a0\u00bbgrid\u00a0\u00bb disable_background_image=\u00a0\u00bb\u00a0\u00bb][vc_column_inner]<div class=\"eltdf-section-title-holder eltdf-default-separator-image\" style=\"text-align: center\">\n\t\t\t<h2 class=\"eltdf-st-title\" style=\"color: #435897\">\n\t\t\t<span>CARRE, nous imaginons ensemble vos carcasses d\u2019abat-jour !<\/span>\n\t\t<\/h2>\n\t\t\t<\/div>[vc_column_text]<\/p>\n<h4 style=\"text-align: center;\">Premier fabricant Fran\u00e7ais de carcasses d\u2019abat-jour, nous concevons, cr\u00e9ons et r\u00e9alisons des carcasses d\u2019abat-jour de toutes les formes et de toutes les dimensions.<\/h4>\n<p style=\"text-align: center;\">A partir de fil cuivr\u00e9 de \u00d81.2 mm jusqu\u2019\u00e0 10 mm pour le fil d\u2019acier, chaque jour, notre \u00e9quipe de professionnels, fabrique dans notre atelier des carcasses d\u2019abat-jour. Mais \u00e9galement des grandes structures en fil m\u00e9tallique lumineuses ou non. Mais aussi d\u2019autres pi\u00e8ces pouvant s\u2019int\u00e9grer dans n\u2019importe quel environnement.<\/p>\n<p style=\"text-align: center;\">Nous sommes \u00e9galement engag\u00e9s en faveur de la <strong>Responsabilit\u00e9 Soci\u00e9tale des Entreprises (RSE)<\/strong>, en mettant en \u0153uvre des initiatives visant \u00e0 minimiser l\u2019impact environnemental.<\/p>\n<p style=\"text-align: center;\">Par exemple nous avons opt\u00e9 pour le remplacement de l\u2019ensemble des \u00e9clairages par des LED. Contribuant ainsi \u00e0 la r\u00e9duction de la consommation \u00e9lectrique au sein de l\u2019usine.<\/p>\n<p style=\"text-align: center;\">De plus, nous avons \u00e9galement install\u00e9 une machine thermique permettant le refroidissement d\u2019une soudeuse, \u00e9conomisant ainsi plus de 200 litres d\u2019eau par heure.<\/p>\n<p style=\"text-align: center;\">Aussi, nous nous effor\u00e7ons de mettre en place une politique de z\u00e9ro d\u00e9chet. Par exemple en recyclant les chutes de fils en acier, le carton, ainsi que les r\u00e9sidus de poudre \u00e9poxy.<\/p>\n<p>[\/vc_column_text][\/vc_column_inner][\/vc_row_inner][vc_row_inner row_content_width=\u00a0\u00bbgrid\u00a0\u00bb disable_background_image=\u00a0\u00bb\u00a0\u00bb css=\u00a0\u00bb.vc_custom_1679601607214{margin-top: 20px !important;}\u00a0\u00bb][vc_column_inner width=\u00a0\u00bb1\/3&Prime;][vc_hoverbox image=\u00a0\u00bb31256&Prime; primary_title=\u00a0\u00bb\u00a0\u00bb hover_title=\u00a0\u00bb\u00a0\u00bb shape=\u00a0\u00bbsquare\u00a0\u00bb hover_background_color=\u00a0\u00bbwhite\u00a0\u00bb hover_btn_title=\u00a0\u00bbD\u00e9couvrir\u00a0\u00bb hover_btn_style=\u00a0\u00bbcustom\u00a0\u00bb hover_btn_custom_background=\u00a0\u00bb#7d0a09&Prime; hover_btn_custom_text=\u00a0\u00bb#ffffff\u00a0\u00bb hover_add_button=\u00a0\u00bbtrue\u00a0\u00bb hover_btn_link=\u00a0\u00bburl:https%3A%2F%2Fcarcassepourabat-jour.com%2F|target:_blank\u00a0\u00bb]Produits fabriqu\u00e9s en France[\/vc_hoverbox][\/vc_column_inner][vc_column_inner width=\u00a0\u00bb1\/3&Prime;][vc_hoverbox image=\u00a0\u00bb31258&Prime; primary_title=\u00a0\u00bb\u00a0\u00bb hover_title=\u00a0\u00bb\u00a0\u00bb shape=\u00a0\u00bbsquare\u00a0\u00bb hover_background_color=\u00a0\u00bbwhite\u00a0\u00bb hover_btn_title=\u00a0\u00bbD\u00e9couvrir\u00a0\u00bb hover_btn_style=\u00a0\u00bbcustom\u00a0\u00bb hover_btn_custom_background=\u00a0\u00bb#7d0a09&Prime; hover_btn_custom_text=\u00a0\u00bb#ffffff\u00a0\u00bb hover_add_button=\u00a0\u00bbtrue\u00a0\u00bb hover_btn_link=\u00a0\u00bburl:https%3A%2F%2Fcarcassepourabat-jour.com%2F|target:_blank\u00a0\u00bb]Site de vente en ligne Carcasses d&rsquo;abat-jour[\/vc_hoverbox][\/vc_column_inner][vc_column_inner width=\u00a0\u00bb1\/3&Prime;][vc_hoverbox image=\u00a0\u00bb31259&Prime; primary_title=\u00a0\u00bb\u00a0\u00bb hover_title=\u00a0\u00bb\u00a0\u00bb shape=\u00a0\u00bbsquare\u00a0\u00bb hover_background_color=\u00a0\u00bbwhite\u00a0\u00bb hover_btn_title=\u00a0\u00bbD\u00e9couvrir\u00a0\u00bb hover_btn_style=\u00a0\u00bbcustom\u00a0\u00bb hover_btn_custom_background=\u00a0\u00bb#7d0a09&Prime; hover_btn_custom_text=\u00a0\u00bb#ffffff\u00a0\u00bb hover_add_button=\u00a0\u00bbtrue\u00a0\u00bb hover_btn_link=\u00a0\u00bburl:https%3A%2F%2Fcarcassepourabat-jour.com%2F|target:_blank\u00a0\u00bb]D\u00e9couvrez les carcasses d&rsquo;abat-jour classique[\/vc_hoverbox][\/vc_column_inner][\/vc_row_inner][\/vc_column][\/vc_row][vc_row disable_background_image=\u00a0\u00bb\u00a0\u00bb css=\u00a0\u00bb.vc_custom_1696275106495{margin-top: 20px !important;margin-bottom: 60px !important;}\u00a0\u00bb][vc_column]<div class=\"eltdf-section-title-holder eltdf-default-separator-image\" style=\"text-align: center\">\n\t\t\t<h2 class=\"eltdf-st-title\" style=\"color: #435897\">\n\t\t\t<span>CARRE, 1er fabricant de carcasses d\u2019abat-jour<\/span>\n\t\t<\/h2>\n\t\t\t<\/div>[\/vc_column][\/vc_row][vc_row disable_background_image=\u00a0\u00bb\u00a0\u00bb][vc_column][vc_column_text css=\u00a0\u00bb.vc_custom_1699132758371{margin-bottom: 20px !important;}\u00a0\u00bb]<\/p>\n<p style=\"text-align: center;\">En premier lieu, gage de qualit\u00e9 et de s\u00e9rieux car nous sommes le premier fabricant fran\u00e7ais de carcasses pour abat-jour, cet amour du luminaire, nous souhaitons vous le faire partager. Des luminaires design, des suspensions, des carcasses d\u2019abat-jour d\u2019un go\u00fbt nouveau ou classique, pour am\u00e9liorer et embellir vos espaces de vie. Donc nous vous invitons \u00e0 ne plus avoir de limites.<\/p>\n<p>[\/vc_column_text][vc_masonry_media_grid grid_id=\u00a0\u00bbvc_gid:1699132566633-45a822f4-daa3-0&Prime; include=\u00a0\u00bb31287,31288,31289,31292,31293,31294,31300,31295,31296,31297,31298,31299&Prime;][\/vc_column][\/vc_row][vc_row full_width=\u00a0\u00bbstretch_row\u00a0\u00bb full_height=\u00a0\u00bbyes\u00a0\u00bb disable_background_image=\u00a0\u00bb\u00a0\u00bb css=\u00a0\u00bb.vc_custom_1699102336843{margin-top: 40px !important;border-bottom-width: 40px !important;background-color: #435897 !important;background-position: center !important;background-repeat: no-repeat !important;background-size: cover !important;}\u00a0\u00bb][vc_column][vc_empty_space][vc_row_inner disable_background_image=\u00a0\u00bb\u00a0\u00bb css=\u00a0\u00bb.vc_custom_1696271254174{background-color: #ffffff !important;}\u00a0\u00bb][vc_column_inner width=\u00a0\u00bb1\/2&Prime; css=\u00a0\u00bb.vc_custom_1696271121212{background-color: #ffffff !important;}\u00a0\u00bb][vc_custom_heading text=\u00a0\u00bbContactez CARRE\u00a0\u00bb font_container=\u00a0\u00bbtag:h3|text_align:left|color:%23000000&Prime;][vc_column_text css_animation=\u00a0\u00bbbounceIn\u00a0\u00bb css=\u00a0\u00bb.vc_custom_1696451478790{background-color: #ffffff !important;}\u00a0\u00bb]<\/p>\n<h3><span style=\"color: #000000;\">Commencez votre projet de d\u00e9co<\/span><\/h3>\n<p>Une id\u00e9e, une envie, un projet&#8230;[\/vc_column_text][\/vc_column_inner][vc_column_inner width=\u00a0\u00bb1\/2&Prime; css=\u00a0\u00bb.vc_custom_1696271132602{background-color: #ffffff !important;}\u00a0\u00bb]<div role=\"form\" class=\"wpcf7\" id=\"wpcf7-f30983-o1\" lang=\"fr-FR\" dir=\"ltr\">\n<div class=\"screen-reader-response\"><\/div>\n<form action=\"\/jfj\/wp-json\/wp\/v2\/pages\/31237#wpcf7-f30983-o1\" method=\"post\" class=\"wpcf7-form cf7_custom_style_2\" novalidate=\"novalidate\">\n<div style=\"display: none;\">\n<input type=\"hidden\" name=\"_wpcf7\" value=\"30983\" \/>\n<input type=\"hidden\" name=\"_wpcf7_version\" value=\"5.1.5\" \/>\n<input type=\"hidden\" name=\"_wpcf7_locale\" value=\"fr_FR\" \/>\n<input type=\"hidden\" name=\"_wpcf7_unit_tag\" value=\"wpcf7-f30983-o1\" \/>\n<input type=\"hidden\" name=\"_wpcf7_container_post\" value=\"0\" \/>\n<\/div>\n<div style=\"wdth:50%\">\n<label> Votre nom (obligatoire)<br \/>\n    <span class=\"wpcf7-form-control-wrap your-name\"><input type=\"text\" name=\"your-name\" value=\"\" size=\"40\" class=\"wpcf7-form-control wpcf7-text wpcf7-validates-as-required\" aria-required=\"true\" aria-invalid=\"false\" \/><\/span> <\/label><\/p>\n<p><label> Votre adresse de messagerie (obligatoire)<br \/>\n    <span class=\"wpcf7-form-control-wrap your-email\"><input type=\"email\" name=\"your-email\" value=\"\" size=\"40\" class=\"wpcf7-form-control wpcf7-text wpcf7-email wpcf7-validates-as-required wpcf7-validates-as-email\" aria-required=\"true\" aria-invalid=\"false\" \/><\/span> <\/label><\/p>\n<p><label> Objet<br \/>\n    <span class=\"wpcf7-form-control-wrap your-subject\"><input type=\"text\" name=\"your-subject\" value=\"\" size=\"40\" class=\"wpcf7-form-control wpcf7-text\" aria-invalid=\"false\" \/><\/span> <\/label><\/p>\n<p><label> Votre message<br \/>\n    <span class=\"wpcf7-form-control-wrap your-message\"><textarea name=\"your-message\" cols=\"40\" rows=\"10\" class=\"wpcf7-form-control wpcf7-textarea\" aria-invalid=\"false\"><\/textarea><\/span> <\/label><\/p>\n<p><input type=\"submit\" value=\"Envoyer\" class=\"wpcf7-form-control wpcf7-submit\" \/>\n<\/p><\/div>\n<div class=\"wpcf7-response-output wpcf7-display-none\"><\/div><\/form><\/div>[\/vc_column_inner][\/vc_row_inner][vc_empty_space][\/vc_column][\/vc_row]<\/p>\n","protected":false},"excerpt":{"rendered":"<p>[vc_row full_width=\u00a0\u00bbstretch_row_content_no_spaces\u00a0\u00bb disable_background_image=\u00a0\u00bb\u00a0\u00bb][vc_column parallax=\u00a0\u00bbcontent-moving-fade\u00a0\u00bb parallax_image=\u00a0\u00bb31238&Prime;][vc_column_text css=\u00a0\u00bb.vc_custom_1699131556074{margin-bottom: 60px !important;}\u00a0\u00bb][\/vc_column_text][vc_single_image image=\u00a0\u00bb31243&Prime; img_size=\u00a0\u00bbfull\u00a0\u00bb alignment=\u00a0\u00bbcenter\u00a0\u00bb css=\u00a0\u00bb.vc_custom_1698789428539{margin-bottom: 60px !important;}\u00a0\u00bb][\/vc_column][\/vc_row][vc_row disable_background_image=\u00a0\u00bb\u00a0\u00bb css=\u00a0\u00bb.vc_custom_1696181494807{margin-top: 60px !important;margin-bottom: 60px !important;}\u00a0\u00bb][vc_column][vc_column_text] Nous sommes ravis de vous annoncer un partenariat exceptionnel dans le cadre de l\u2019exposition signature de Junior Fritz Jacquet. L\u2019art [&hellip;]<\/p>\n","protected":false},"author":1,"featured_media":0,"parent":30696,"menu_order":0,"comment_status":"closed","ping_status":"closed","template":"","meta":{"footnotes":""},"class_list":["post-31237","page","type-page","status-publish","hentry"],"_links":{"self":[{"href":"https:\/\/juniorfritzjacquet.com\/jfj\/wp-json\/wp\/v2\/pages\/31237"}],"collection":[{"href":"https:\/\/juniorfritzjacquet.com\/jfj\/wp-json\/wp\/v2\/pages"}],"about":[{"href":"https:\/\/juniorfritzjacquet.com\/jfj\/wp-json\/wp\/v2\/types\/page"}],"author":[{"embeddable":true,"href":"https:\/\/juniorfritzjacquet.com\/jfj\/wp-json\/wp\/v2\/users\/1"}],"replies":[{"embeddable":true,"href":"https:\/\/juniorfritzjacquet.com\/jfj\/wp-json\/wp\/v2\/comments?post=31237"}],"version-history":[{"count":30,"href":"https:\/\/juniorfritzjacquet.com\/jfj\/wp-json\/wp\/v2\/pages\/31237\/revisions"}],"predecessor-version":[{"id":31339,"href":"https:\/\/juniorfritzjacquet.com\/jfj\/wp-json\/wp\/v2\/pages\/31237\/revisions\/31339"}],"up":[{"embeddable":true,"href":"https:\/\/juniorfritzjacquet.com\/jfj\/wp-json\/wp\/v2\/pages\/30696"}],"wp:attachment":[{"href":"https:\/\/juniorfritzjacquet.com\/jfj\/wp-json\/wp\/v2\/media?parent=31237"}],"curies":[{"name":"wp","href":"https:\/\/api.w.org\/{rel}","templated":true}]}}