{"id":30878,"date":"2023-09-28T15:45:55","date_gmt":"2023-09-28T13:45:55","guid":{"rendered":"https:\/\/juniorfritzjacquet.com\/jfj\/?page_id=30878"},"modified":"2024-11-11T13:22:07","modified_gmt":"2024-11-11T12:22:07","slug":"visiteurs-noel-au-jardin-deden","status":"publish","type":"page","link":"https:\/\/juniorfritzjacquet.com\/jfj\/exposition-signature-jfj\/visiteurs-noel-au-jardin-deden\/","title":{"rendered":"Visiteurs No\u00ebl au jardin d\u2019Eden"},"content":{"rendered":"<p>[vc_row disable_background_image=\u00a0\u00bb\u00a0\u00bb css=\u00a0\u00bb.vc_custom_1693761847051{background-color: #fbfbfc !important;}\u00a0\u00bb][vc_column css=\u00a0\u00bb.vc_custom_1489050628197{padding-top: 0px !important;}\u00a0\u00bb][rev_slider_vc alias=\u00a0\u00bbSliderExpo1&Prime;][\/vc_column][\/vc_row][vc_row disable_background_image=\u00a0\u00bb1280&Prime; css=\u00a0\u00bb.vc_custom_1694616410450{padding-top: 61px !important;background: #ededed url(http:\/\/koto.elated-themes.com\/wp-content\/uploads\/2017\/02\/h1-background-4.jpg?id=3814) !important;background-position: center !important;background-repeat: no-repeat !important;background-size: cover !important;}\u00a0\u00bb][vc_column][vc_row_inner row_content_width=\u00a0\u00bbgrid\u00a0\u00bb content_text_aligment=\u00a0\u00bbleft\u00a0\u00bb disable_background_image=\u00a0\u00bb\u00a0\u00bb][vc_column_inner offset=\u00a0\u00bbvc_col-lg-6 vc_col-md-12&Prime;]<div class=\"eltdf-section-title-holder eltdf-separator-marquee eltdf-default-separator-image\" style=\"padding-right: 31%;text-align: left\">\n\t\t\t<h2 class=\"eltdf-st-title\" >\n\t\t\t<span>Exposition signature<\/span>\n\t\t<\/h2>\n\t\t\t\t<div class=\"eltdf-st-separator\" style=\"margin-top: 37px\">\n\t\t\t\t\t\t\t<img decoding=\"async\" itemprop=\"image\" class=\"eltdf-st-separator-image\" src=\"https:\/\/juniorfritzjacquet.com\/jfj\/wp-content\/plugins\/eltdf-core\/shortcodes\/section-title\/assets\/img\/section-title.svg\" alt=\"Section Title Separator\" \/>\n\t\t\t\t\t<\/div>\n\t\t\t\t<h4 class=\"eltdf-st-text\" style=\"margin-top: 35px\">Une exp\u00e9rience immersive inoubliable vous attend !<\/h4>\n\t<\/div>[vc_empty_space height=\u00a0\u00bb15px\u00a0\u00bb][vc_column_text]<strong>No\u00ebl au Jardin d&rsquo;Eden<\/strong><\/p>\n<p>Exposition des \u0153uvres de l\u2019artiste Junior Fritz Jacquet<br \/>\nDates de l\u2019exposition : du 09\/12\/2023 au 21\/01\/2024<\/p>\n<p><strong>Lieu de l&rsquo;exposition<\/strong><\/p>\n<p><strong>ESPACE SAINT-PIERRE DES MINIMES<\/strong><br \/>\nSaint-Pierre des Minimes &#8211; Promenade des Minimes &#8211; 60200 Compi\u00e8gne<br \/>\n03 44 40 84 83<br \/>\nEntr\u00e9e libre &#8211; Ouvert du mardi au dimanche de 14h \u00e0 18h (ou sur rendez-vous)<\/p>\n<p><strong>R\u00e9servation<\/strong><\/p>\n<p>R\u00e9servation pr\u00e9conis\u00e9e pour les temps forts de l\u2019exposition[\/vc_column_text]<a itemprop=\"url\" href=\"https:\/\/www.eventbrite.fr\/o\/junior-fritz-jacquet-72142908933\" target=\"_blank\" style=\"color: #ffffff;background-color: #000000;margin: 67px 0 55px 0\" class=\"eltdf-btn eltdf-btn-medium eltdf-btn-solid\" data-hover-color=\"#f2f2f2\" data-hover-bg-color=\"#bababa\" >\n    <span class=\"eltdf-btn-text\">Je r\u00e9serve pour les temps forts<\/span>\n    <\/a>\n[\/vc_column_inner][vc_column_inner css=\u00a0\u00bb.vc_custom_1487588034325{padding-left: 6% !important;}\u00a0\u00bb offset=\u00a0\u00bbvc_col-lg-6 vc_col-md-12&Prime;][vc_single_image image=\u00a0\u00bb30881&Prime; img_size=\u00a0\u00bbfull\u00a0\u00bb][\/vc_column_inner][\/vc_row_inner][vc_row_inner row_content_width=\u00a0\u00bbgrid\u00a0\u00bb disable_background_image=\u00a0\u00bb\u00a0\u00bb][vc_column_inner]<div class=\"eltdf-section-title-holder eltdf-default-separator-image\" >\n\t\t\t<h2 class=\"eltdf-st-title\" >\n\t\t\t<span>Les temps forts de l&#039;exposition<\/span>\n\t\t<\/h2>\n\t\t\t\t\t<h4 class=\"eltdf-st-text\" >Pour rythmer l&#039;exposition, nous vous proposons quelques temps forts dont la venue du maire de la ville, des concerts ou encore la vente aux ench\u00e8res.<\/h4>\n\t<\/div>[vc_separator color=\u00a0\u00bbcustom\u00a0\u00bb css=\u00a0\u00bb.vc_custom_1694618149696{padding-top: 50px !important;}\u00a0\u00bb accent_color=\u00a0\u00bb#666666&Prime;]<div class=\"eltdf-tabs eltdf-tabs-boxed\">\n\t<ul class=\"eltdf-tabs-nav clearfix\">\n\t\t\t\t\t\t\t\t\t<li>\n\t\t\t\t\t\t\t\t\t\t\t<a href=\"#tab-9-decembre\">9 d\u00e9cembre<\/a>\n\t\t\t\t\t\t\t\t\t<\/li>\n\t\t\t\t\t\t\t<li>\n\t\t\t\t\t\t\t\t\t\t\t<a href=\"#tab-16-decembre\">16 d\u00e9cembre<\/a>\n\t\t\t\t\t\t\t\t\t<\/li>\n\t\t\t\t\t\t\t<li>\n\t\t\t\t\t\t\t\t\t\t\t<a href=\"#tab-23-decembre\">23 d\u00e9cembre<\/a>\n\t\t\t\t\t\t\t\t\t<\/li>\n\t\t\t\t\t\t\t<li>\n\t\t\t\t\t\t\t\t\t\t\t<a href=\"#tab-30-decembre\">30 d\u00e9cembre<\/a>\n\t\t\t\t\t\t\t\t\t<\/li>\n\t\t\t\t\t\t\t<li>\n\t\t\t\t\t\t\t\t\t\t\t<a href=\"#tab-6-janvier\">6 janvier<\/a>\n\t\t\t\t\t\t\t\t\t<\/li>\n\t\t\t\t\t\t\t<li>\n\t\t\t\t\t\t\t\t\t\t\t<a href=\"#tab-13-janvier\">13 janvier<\/a>\n\t\t\t\t\t\t\t\t\t<\/li>\n\t\t\t\t\t\t\t<li>\n\t\t\t\t\t\t\t\t\t\t\t<a href=\"#tab-20-janvier\">20 janvier<\/a>\n\t\t\t\t\t\t\t\t\t<\/li>\n\t\t\t\t\t\t<\/ul>\n\t<div class=\"eltdf-tab-container\" id=\"tab-9-decembre-137\">[vc_column_text]<\/p>\n<h3>Inauguration<\/h3>\n<p>L\u2019inauguration se fera en pr\u00e9sence du maire de la ville, Philippe Marini, suivie de la mise en lumi\u00e8re de l&rsquo;exposition.<\/p>\n<p>Vous d\u00e9couvrirez alors une cr\u00e9ation musicale originale et in\u00e9dite du compositeur Christophe Gouix.<\/p>\n<p><img loading=\"lazy\" decoding=\"async\" class=\"alignnone wp-image-30708 size-full\" src=\"https:\/\/juniorfritzjacquet.com\/jfj\/wp-content\/uploads\/2023\/09\/JUNIOR-FRITZ-JACQUET_photo_quentin_chevrier_octobre2022-3.jpeg\" alt=\"\" width=\"1280\" height=\"854\" srcset=\"https:\/\/juniorfritzjacquet.com\/jfj\/wp-content\/uploads\/2023\/09\/JUNIOR-FRITZ-JACQUET_photo_quentin_chevrier_octobre2022-3.jpeg 1280w, https:\/\/juniorfritzjacquet.com\/jfj\/wp-content\/uploads\/2023\/09\/JUNIOR-FRITZ-JACQUET_photo_quentin_chevrier_octobre2022-3-300x200.jpeg 300w, https:\/\/juniorfritzjacquet.com\/jfj\/wp-content\/uploads\/2023\/09\/JUNIOR-FRITZ-JACQUET_photo_quentin_chevrier_octobre2022-3-768x512.jpeg 768w, https:\/\/juniorfritzjacquet.com\/jfj\/wp-content\/uploads\/2023\/09\/JUNIOR-FRITZ-JACQUET_photo_quentin_chevrier_octobre2022-3-1024x683.jpeg 1024w, https:\/\/juniorfritzjacquet.com\/jfj\/wp-content\/uploads\/2023\/09\/JUNIOR-FRITZ-JACQUET_photo_quentin_chevrier_octobre2022-3-200x133.jpeg 200w, https:\/\/juniorfritzjacquet.com\/jfj\/wp-content\/uploads\/2023\/09\/JUNIOR-FRITZ-JACQUET_photo_quentin_chevrier_octobre2022-3-600x400.jpeg 600w\" sizes=\"(max-width: 1280px) 100vw, 1280px\" \/>[\/vc_column_text]<\/div><div class=\"eltdf-tab-container\" id=\"tab-16-decembre-611\">[vc_column_text]<\/p>\n<h3>Concert de piano<\/h3>\n<p>Concert de piano d\u2019Isabelle Lenay,\u00a0Responsable Musique \u00e0 l&rsquo;Universit\u00e9 de Technologie de Compi\u00e8gne<\/p>\n<p><img loading=\"lazy\" decoding=\"async\" class=\"alignnone size-full wp-image-31174\" src=\"https:\/\/juniorfritzjacquet.com\/jfj\/wp-content\/uploads\/2023\/10\/isabelle1petit.jpg\" alt=\"\" width=\"1000\" height=\"729\" srcset=\"https:\/\/juniorfritzjacquet.com\/jfj\/wp-content\/uploads\/2023\/10\/isabelle1petit.jpg 1000w, https:\/\/juniorfritzjacquet.com\/jfj\/wp-content\/uploads\/2023\/10\/isabelle1petit-300x219.jpg 300w, https:\/\/juniorfritzjacquet.com\/jfj\/wp-content\/uploads\/2023\/10\/isabelle1petit-768x560.jpg 768w, https:\/\/juniorfritzjacquet.com\/jfj\/wp-content\/uploads\/2023\/10\/isabelle1petit-200x146.jpg 200w, https:\/\/juniorfritzjacquet.com\/jfj\/wp-content\/uploads\/2023\/10\/isabelle1petit-600x437.jpg 600w\" sizes=\"(max-width: 1000px) 100vw, 1000px\" \/>[\/vc_column_text]<\/div><div class=\"eltdf-tab-container\" id=\"tab-23-decembre-661\">[vc_column_text]<\/p>\n<h3>Concert Gospel<\/h3>\n<p>Concert d\u2019Univers Gospel, association du territoire[\/vc_column_text]<\/div><div class=\"eltdf-tab-container\" id=\"tab-30-decembre-927\">[vc_column_text]<\/p>\n<h3>Danse<\/h3>\n<p>Performance de la danseuse MARJORIE SAVARY, autour de la th\u00e9matique\u00a0\u00ab Naissance d&rsquo;un mouvement \u00e9ph\u00e9m\u00e8re \u00bb.<\/p>\n<p><img loading=\"lazy\" decoding=\"async\" class=\"alignnone size-full wp-image-31462\" src=\"https:\/\/juniorfritzjacquet.com\/jfj\/wp-content\/uploads\/2023\/12\/Marjorie-Savary-danseuse2-couv-copie.jpg\" alt=\"\" width=\"1151\" height=\"763\" srcset=\"https:\/\/juniorfritzjacquet.com\/jfj\/wp-content\/uploads\/2023\/12\/Marjorie-Savary-danseuse2-couv-copie.jpg 1151w, https:\/\/juniorfritzjacquet.com\/jfj\/wp-content\/uploads\/2023\/12\/Marjorie-Savary-danseuse2-couv-copie-300x199.jpg 300w, https:\/\/juniorfritzjacquet.com\/jfj\/wp-content\/uploads\/2023\/12\/Marjorie-Savary-danseuse2-couv-copie-768x509.jpg 768w, https:\/\/juniorfritzjacquet.com\/jfj\/wp-content\/uploads\/2023\/12\/Marjorie-Savary-danseuse2-couv-copie-1024x679.jpg 1024w, https:\/\/juniorfritzjacquet.com\/jfj\/wp-content\/uploads\/2023\/12\/Marjorie-Savary-danseuse2-couv-copie-200x133.jpg 200w, https:\/\/juniorfritzjacquet.com\/jfj\/wp-content\/uploads\/2023\/12\/Marjorie-Savary-danseuse2-couv-copie-600x398.jpg 600w\" sizes=\"(max-width: 1151px) 100vw, 1151px\" \/>[\/vc_column_text]<\/div><div class=\"eltdf-tab-container\" id=\"tab-6-janvier-326\">[vc_column_text]<\/p>\n<h3>Concert<\/h3>\n<p><b class=\"yiv7296168035\">Samedi 6 janvier \u00e0 18h15<\/b>\u00a0: Concert de\u00a0<b class=\"yiv7296168035\">Louise De Arco<\/b>(4), chanteuse et compositrice form\u00e9e au jazz, tango et au folklore argentin dans le prestigieux conservatoire\u00a0<b class=\"yiv7296168035\">EMPA de Buenos Aires<\/b>. Elle interpr\u00e8te, au c\u0153ur du Jardin d\u2019Eden, un\u00a0<b class=\"yiv7296168035\">r\u00e9pertoire de chants populaires argentins<\/b>\u00a0accompagn\u00e9e par\u00a0<b class=\"yiv7296168035\">Jeanne Mariam Grigy-Kissian<\/b>\u00a0au piano et\u00a0<b class=\"yiv7296168035\">Dar\u00edo Borel\u00a0<\/b>\u00e0 la guitare.<\/p>\n<p><img loading=\"lazy\" decoding=\"async\" class=\"alignnone size-full wp-image-30756\" src=\"https:\/\/juniorfritzjacquet.com\/jfj\/wp-content\/uploads\/2023\/09\/louise-de-arco.jpg\" alt=\"\" width=\"1200\" height=\"800\" srcset=\"https:\/\/juniorfritzjacquet.com\/jfj\/wp-content\/uploads\/2023\/09\/louise-de-arco.jpg 1200w, https:\/\/juniorfritzjacquet.com\/jfj\/wp-content\/uploads\/2023\/09\/louise-de-arco-300x200.jpg 300w, https:\/\/juniorfritzjacquet.com\/jfj\/wp-content\/uploads\/2023\/09\/louise-de-arco-768x512.jpg 768w, https:\/\/juniorfritzjacquet.com\/jfj\/wp-content\/uploads\/2023\/09\/louise-de-arco-1024x683.jpg 1024w, https:\/\/juniorfritzjacquet.com\/jfj\/wp-content\/uploads\/2023\/09\/louise-de-arco-200x133.jpg 200w, https:\/\/juniorfritzjacquet.com\/jfj\/wp-content\/uploads\/2023\/09\/louise-de-arco-600x400.jpg 600w\" sizes=\"(max-width: 1200px) 100vw, 1200px\" \/>[\/vc_column_text]<\/div><div class=\"eltdf-tab-container\" id=\"tab-13-janvier-201\">[vc_column_text]<\/p>\n<h3>Concert<\/h3>\n<p>Un concert de Christina ROSMINI, avec un r\u00e9pertoire contemporain de\u00a0 chansons fran\u00e7aises.<\/p>\n<p><img loading=\"lazy\" decoding=\"async\" class=\"alignnone size-full wp-image-30758\" src=\"https:\/\/juniorfritzjacquet.com\/jfj\/wp-content\/uploads\/2023\/09\/christina-capture.jpg\" alt=\"\" width=\"1200\" height=\"800\" srcset=\"https:\/\/juniorfritzjacquet.com\/jfj\/wp-content\/uploads\/2023\/09\/christina-capture.jpg 1200w, https:\/\/juniorfritzjacquet.com\/jfj\/wp-content\/uploads\/2023\/09\/christina-capture-300x200.jpg 300w, https:\/\/juniorfritzjacquet.com\/jfj\/wp-content\/uploads\/2023\/09\/christina-capture-768x512.jpg 768w, https:\/\/juniorfritzjacquet.com\/jfj\/wp-content\/uploads\/2023\/09\/christina-capture-1024x683.jpg 1024w, https:\/\/juniorfritzjacquet.com\/jfj\/wp-content\/uploads\/2023\/09\/christina-capture-200x133.jpg 200w, https:\/\/juniorfritzjacquet.com\/jfj\/wp-content\/uploads\/2023\/09\/christina-capture-600x400.jpg 600w\" sizes=\"(max-width: 1200px) 100vw, 1200px\" \/>[\/vc_column_text]<\/div><div class=\"eltdf-tab-container\" id=\"tab-20-janvier-564\">[vc_column_text]<\/p>\n<h3>Vente aux ench\u00e8res<\/h3>\n<p>Cl\u00f4ture de l\u2019exposition par une vente aux ench\u00e8res tenue par le commissaire-priseur Lo\u00efc Imberti, en partie au b\u00e9n\u00e9fice de la fondation des Apprentis d\u2019Auteuil[\/vc_column_text]<\/div><\/div>[\/vc_column_inner][\/vc_row_inner][\/vc_column][\/vc_row][vc_row disable_element=\u00a0\u00bbyes\u00a0\u00bb row_content_width=\u00a0\u00bbgrid\u00a0\u00bb content_text_aligment=\u00a0\u00bbcenter\u00a0\u00bb disable_background_image=\u00a0\u00bb680&Prime; css=\u00a0\u00bb.vc_custom_1731327741129{padding-top: 62px !important;padding-bottom: 81px !important;background-image: url(https:\/\/juniorfritzjacquet.com\/jfj\/wp-content\/uploads\/2017\/03\/h8-img-3.png?id=6562) !important;background-position: 0 0 !important;background-repeat: no-repeat !important;}\u00a0\u00bb][vc_column]<div class=\"eltdf-section-title-holder eltdf-separator-marquee eltdf-default-separator-image\" style=\"text-align: center\">\n\t\t\t<h2 class=\"eltdf-st-title\" >\n\t\t\t<span>Partagez vos avis<\/span>\n\t\t<\/h2>\n\t\t\t<\/div>[vc_column_text]Nous serons ravis de retrouver le partage de votre visite sur Instagram avec le hashtag #juniorfritzjacquet ou en @juniorfritzjacquet<\/p>\n<p>Vous pouvez aussi nous transmettre vos photos par email rendezvous@juniorfritzjacquet.com en indiquant vos coordonn\u00e9es.<\/p>\n<p>\u00c0 la fin de l\u2019exposition, nous ferons une s\u00e9lection que nous publierons dans cette rubrique.[\/vc_column_text][vc_empty_space height=\u00a0\u00bb30px\u00a0\u00bb]<div class=\"eltdf-section-title-holder eltdf-default-separator-image\" style=\"text-align: center\">\n\t\t\t<h2 class=\"eltdf-st-title\" >\n\t\t\t<span>Avis des pr\u00e9c\u00e9dentes expositions<\/span>\n\t\t<\/h2>\n\t\t\t<\/div>[vc_empty_space height=\u00a0\u00bb15px\u00a0\u00bb]<div class=\"eltdf-testimonials-holder  eltdf-testimonials-standard clearfix\"><div class=\"eltdf-testimonials eltdf-owl-slider\" data-enable-loop=\"yes\" data-enable-autoplay=\"yes\" data-slider-speed=\"5000\" data-slider-speed-animation=\"600\" data-enable-navigation=\"yes\" data-enable-pagination=\"yes\"><div class=\"eltdf-testimonial-content\">\n\t\t\t<div class=\"eltdf-testimonial-image\">\n\t\t\t<img loading=\"lazy\" decoding=\"async\" width=\"64\" height=\"53\" src=\"https:\/\/juniorfritzjacquet.com\/jfj\/wp-content\/uploads\/2017\/03\/copy.png\" class=\"attachment-94x94 size-94x94 wp-post-image\" alt=\"a\" \/>\t\t<\/div>\n\t\t\t\t<img decoding=\"async\" itemprop=\"image\" class=\"eltdf-testimonial-separator\" src=\"https:\/\/juniorfritzjacquet.com\/jfj\/wp-content\/plugins\/eltdf-core\/shortcodes\/section-title\/assets\/img\/section-title.svg\" alt=\"Testimonials Separator\" \/>\n\t\t\t    <p class=\"eltdf-testimonial-text\">The awesome creative team solved all of my business needs within days. Can\u2019t recommend enough.<\/p>\n\t\t\t    <h5 class=\"eltdf-testimonial-author\">\n\t        <span class=\"eltdf-testimonial-author-label\">- BERNARD KELLAR<\/span>\n\t        \t    <\/h5>\n\t<\/div>\n\t<div class=\"eltdf-testimonial-content\">\n\t\t\t<div class=\"eltdf-testimonial-image\">\n\t\t\t<img loading=\"lazy\" decoding=\"async\" width=\"94\" height=\"94\" src=\"https:\/\/juniorfritzjacquet.com\/jfj\/wp-content\/uploads\/2017\/02\/p2-testimonials-3-1-1-100x100.png\" class=\"attachment-94x94 size-94x94 wp-post-image\" alt=\"a\" srcset=\"https:\/\/juniorfritzjacquet.com\/jfj\/wp-content\/uploads\/2017\/02\/p2-testimonials-3-1-1-100x100.png 100w, https:\/\/juniorfritzjacquet.com\/jfj\/wp-content\/uploads\/2017\/02\/p2-testimonials-3-1-1.png 134w\" sizes=\"(max-width: 94px) 100vw, 94px\" \/>\t\t<\/div>\n\t\t\t\t<img decoding=\"async\" itemprop=\"image\" class=\"eltdf-testimonial-separator\" src=\"https:\/\/juniorfritzjacquet.com\/jfj\/wp-content\/plugins\/eltdf-core\/shortcodes\/section-title\/assets\/img\/section-title.svg\" alt=\"Testimonials Separator\" \/>\n\t\t\t    <p class=\"eltdf-testimonial-text\">Agency may either be classified as unconscious, involuntary behavior or purposeful, goal directed activity intentional action of immediate awareness of their physical activity and the goals that the activity is aimed at realizing. In \u2018goal directed action\u2019 an agent implements a kind of direct control or guidance over their own behavior activity and the goals that the activity is aimed at realizing. In \u2018goal directed action.<\/p>\n\t\t\t    <h5 class=\"eltdf-testimonial-author\">\n\t        <span class=\"eltdf-testimonial-author-label\">DYLAN ROBINSON<\/span>\n\t        \t            <span class=\"eltdf-testimonial-position\">Designer <\/span>\n\t        \t    <\/h5>\n\t<\/div>\n\t<div class=\"eltdf-testimonial-content\">\n\t\t\t<div class=\"eltdf-testimonial-image\">\n\t\t\t<img loading=\"lazy\" decoding=\"async\" width=\"94\" height=\"94\" src=\"https:\/\/juniorfritzjacquet.com\/jfj\/wp-content\/uploads\/2017\/02\/p2-testimonials-2-1-100x100.png\" class=\"attachment-94x94 size-94x94 wp-post-image\" alt=\"d\" srcset=\"https:\/\/juniorfritzjacquet.com\/jfj\/wp-content\/uploads\/2017\/02\/p2-testimonials-2-1-100x100.png 100w, https:\/\/juniorfritzjacquet.com\/jfj\/wp-content\/uploads\/2017\/02\/p2-testimonials-2-1.png 134w\" sizes=\"(max-width: 94px) 100vw, 94px\" \/>\t\t<\/div>\n\t\t\t\t<img decoding=\"async\" itemprop=\"image\" class=\"eltdf-testimonial-separator\" src=\"https:\/\/juniorfritzjacquet.com\/jfj\/wp-content\/plugins\/eltdf-core\/shortcodes\/section-title\/assets\/img\/section-title.svg\" alt=\"Testimonials Separator\" \/>\n\t\t\t    <p class=\"eltdf-testimonial-text\">Agency may either be classified as unconscious, involuntary behavior or purposeful, goal directed activity intentional action of immediate awareness of their physical activity and the goals that the activity is aimed at realizing. In \u2018goal directed action\u2019 an agent implements a kind of direct control or guidance over their own behavior activity and the goals that the activity is aimed at realizing. In \u2018goal directed action.<\/p>\n\t\t\t    <h5 class=\"eltdf-testimonial-author\">\n\t        <span class=\"eltdf-testimonial-author-label\">CHERYL TAYLOR<\/span>\n\t        \t            <span class=\"eltdf-testimonial-position\">Illustrator <\/span>\n\t        \t    <\/h5>\n\t<\/div>\n\t<div class=\"eltdf-testimonial-content\">\n\t\t\t<div class=\"eltdf-testimonial-image\">\n\t\t\t<img loading=\"lazy\" decoding=\"async\" width=\"94\" height=\"94\" src=\"https:\/\/juniorfritzjacquet.com\/jfj\/wp-content\/uploads\/2017\/02\/p2-testimonials-1-1-100x100.png\" class=\"attachment-94x94 size-94x94 wp-post-image\" alt=\"a\" srcset=\"https:\/\/juniorfritzjacquet.com\/jfj\/wp-content\/uploads\/2017\/02\/p2-testimonials-1-1-100x100.png 100w, https:\/\/juniorfritzjacquet.com\/jfj\/wp-content\/uploads\/2017\/02\/p2-testimonials-1-1.png 134w\" sizes=\"(max-width: 94px) 100vw, 94px\" \/>\t\t<\/div>\n\t\t\t\t<img decoding=\"async\" itemprop=\"image\" class=\"eltdf-testimonial-separator\" src=\"https:\/\/juniorfritzjacquet.com\/jfj\/wp-content\/plugins\/eltdf-core\/shortcodes\/section-title\/assets\/img\/section-title.svg\" alt=\"Testimonials Separator\" \/>\n\t\t\t    <p class=\"eltdf-testimonial-text\">Agency may either be classified as unconscious, involuntary behavior or purposeful, goal directed activity intentional action of immediate awareness of their physical activity and the goals that the activity is aimed at realizing. In \u2018goal directed action\u2019 an agent implements a kind of direct control or guidance over their own behavior activity and the goals that the activity is aimed at realizing. In \u2018goal directed action.<\/p>\n\t\t\t    <h5 class=\"eltdf-testimonial-author\">\n\t        <span class=\"eltdf-testimonial-author-label\">LAURA HARRISON<\/span>\n\t        \t            <span class=\"eltdf-testimonial-position\">Photographer<\/span>\n\t        \t    <\/h5>\n\t<\/div>\n\t<\/div><\/div>[\/vc_column][\/vc_row][vc_row content_text_aligment=\u00a0\u00bbcenter\u00a0\u00bb disable_background_image=\u00a0\u00bb680&Prime; css=\u00a0\u00bb.vc_custom_1693944395859{padding-top: 62px !important;padding-bottom: 81px !important;background-image: url(https:\/\/juniorfritzjacquet.com\/jfj\/wp-content\/uploads\/2017\/03\/h8-img-3.png?id=6562) !important;background-position: 0 0 !important;background-repeat: no-repeat !important;}\u00a0\u00bb][vc_column][vc_row_inner row_content_width=\u00a0\u00bbgrid\u00a0\u00bb disable_background_image=\u00a0\u00bb\u00a0\u00bb][vc_column_inner]<div class=\"eltdf-section-title-holder eltdf-separator-marquee eltdf-default-separator-image\" style=\"padding-left: 34%;padding-right: 34%;text-align: center\">\n\t\t\t<h2 class=\"eltdf-st-title\" >\n\t\t\t<span>Rendez-vous avec l\u2019artiste<\/span>\n\t\t<\/h2>\n\t\t\t\t<div class=\"eltdf-st-separator\" >\n\t\t\t\t\t\t\t<img decoding=\"async\" itemprop=\"image\" class=\"eltdf-st-separator-image\" src=\"https:\/\/juniorfritzjacquet.com\/jfj\/wp-content\/plugins\/eltdf-core\/shortcodes\/section-title\/assets\/img\/section-title.svg\" alt=\"Section Title Separator\" \/>\n\t\t\t\t\t<\/div>\n\t\t\t\t<h4 class=\"eltdf-st-text\" >R\u00e9servez un temps de visite avec l&#039;artiste<\/h4>\n\t<\/div>[\/vc_column_inner][\/vc_row_inner][vc_single_image image=\u00a0\u00bb30892&Prime; img_size=\u00a0\u00bblarge\u00a0\u00bb alignment=\u00a0\u00bbcenter\u00a0\u00bb][\/vc_column][\/vc_row][vc_row disable_background_image=\u00a0\u00bb\u00a0\u00bb css=\u00a0\u00bb.vc_custom_1695422232453{padding-top: 40px !important;background-image: url(https:\/\/juniorfritzjacquet.com\/jfj\/wp-content\/uploads\/2023\/09\/fond-formulaire.jpg?id=30762) !important;}\u00a0\u00bb][vc_column width=\u00a0\u00bb1\/2&Prime; css=\u00a0\u00bb.vc_custom_1693857560196{padding-left: 60px !important;}\u00a0\u00bb]<div class=\"eltdf-section-title-holder eltdf-default-separator-image\" >\n\t\t\t<h2 class=\"eltdf-st-title\" style=\"color: #ffffff\">\n\t\t\t<span>R\u00e9servez votre rencontre<\/span>\n\t\t<\/h2>\n\t\t\t\t\t<h4 class=\"eltdf-st-text\" style=\"color: #ffffff\">R\u00e9servez votre rencontre avec l&#039;artiste uniquement les mercredis et les samedis du 9 d\u00e9cembre 2023 au 21 janvier 2024 \u00e0 l\u2019Espace Saint-Pierre des Minimes \u00e0 Compi\u00e8gne (Oise).<\/h4>\n\t<\/div>[vc_column_text]<span style=\"color: #ffffff;\">Rest\u00e9s inform\u00e9s sur l&rsquo;exposition<\/span><\/p>\n<p><span style=\"color: #ffffff;\">Espace Saint-Pierre des Minimes<\/span><\/p>\n<p><span class=\"LrzXr\" style=\"color: #ffffff;\">Imp. Laly, 60200 Compi\u00e8gne<\/span><\/p>\n<p><span style=\"color: #ffffff;\">Tel : 06 17 06 52 82<\/span><\/p>\n<p><span style=\"color: #ffffff;\">Email : contact@juniorfritzjacquet.com<\/span>[\/vc_column_text][\/vc_column][vc_column width=\u00a0\u00bb1\/2&Prime; css=\u00a0\u00bb.vc_custom_1693857577506{padding-right: 60px !important;}\u00a0\u00bb]<div role=\"form\" class=\"wpcf7\" id=\"wpcf7-f29135-o1\" lang=\"fr-FR\" dir=\"ltr\">\n<div class=\"screen-reader-response\"><\/div>\n<form action=\"\/jfj\/wp-json\/wp\/v2\/pages\/30878#wpcf7-f29135-o1\" method=\"post\" class=\"wpcf7-form cf7_custom_style_1\" novalidate=\"novalidate\">\n<div style=\"display: none;\">\n<input type=\"hidden\" name=\"_wpcf7\" value=\"29135\" \/>\n<input type=\"hidden\" name=\"_wpcf7_version\" value=\"5.1.5\" \/>\n<input type=\"hidden\" name=\"_wpcf7_locale\" value=\"fr_FR\" \/>\n<input type=\"hidden\" name=\"_wpcf7_unit_tag\" value=\"wpcf7-f29135-o1\" \/>\n<input type=\"hidden\" name=\"_wpcf7_container_post\" value=\"0\" \/>\n<\/div>\n<div style=\"wdth:50%\">\n<label> Votre nom (obligatoire)<br \/>\n    <span class=\"wpcf7-form-control-wrap your-name\"><input type=\"text\" name=\"your-name\" value=\"\" size=\"40\" class=\"wpcf7-form-control wpcf7-text wpcf7-validates-as-required\" aria-required=\"true\" aria-invalid=\"false\" \/><\/span> <\/label><\/p>\n<p><label> Votre adresse de messagerie (obligatoire)<br \/>\n    <span class=\"wpcf7-form-control-wrap your-email\"><input type=\"email\" name=\"your-email\" value=\"\" size=\"40\" class=\"wpcf7-form-control wpcf7-text wpcf7-email wpcf7-validates-as-required wpcf7-validates-as-email\" aria-required=\"true\" aria-invalid=\"false\" \/><\/span> <\/label><\/p>\n<p><label> Objet<br \/>\n    <span class=\"wpcf7-form-control-wrap your-subject\"><input type=\"text\" name=\"your-subject\" value=\"\" size=\"40\" class=\"wpcf7-form-control wpcf7-text\" aria-invalid=\"false\" \/><\/span> <\/label><\/p>\n<p><label> Votre message<br \/>\n    <span class=\"wpcf7-form-control-wrap your-message\"><textarea name=\"your-message\" cols=\"40\" rows=\"10\" class=\"wpcf7-form-control wpcf7-textarea\" aria-invalid=\"false\"><\/textarea><\/span> <\/label><\/p>\n<p><input type=\"submit\" value=\"Envoyer\" class=\"wpcf7-form-control wpcf7-submit\" \/>\n<\/p><\/div>\n<div class=\"wpcf7-response-output wpcf7-display-none\"><\/div><\/form><\/div>[\/vc_column][\/vc_row]<\/p>\n","protected":false},"excerpt":{"rendered":"<p>[vc_row disable_background_image=\u00a0\u00bb\u00a0\u00bb css=\u00a0\u00bb.vc_custom_1693761847051{background-color: #fbfbfc !important;}\u00a0\u00bb][vc_column css=\u00a0\u00bb.vc_custom_1489050628197{padding-top: 0px !important;}\u00a0\u00bb][rev_slider_vc alias=\u00a0\u00bbSliderExpo1&Prime;][\/vc_column][\/vc_row][vc_row disable_background_image=\u00a0\u00bb1280&Prime; css=\u00a0\u00bb.vc_custom_1694616410450{padding-top: 61px !important;background: #ededed url(http:\/\/koto.elated-themes.com\/wp-content\/uploads\/2017\/02\/h1-background-4.jpg?id=3814) !important;background-position: center !important;background-repeat: no-repeat !important;background-size: cover !important;}\u00a0\u00bb][vc_column][vc_row_inner row_content_width=\u00a0\u00bbgrid\u00a0\u00bb content_text_aligment=\u00a0\u00bbleft\u00a0\u00bb disable_background_image=\u00a0\u00bb\u00a0\u00bb][vc_column_inner offset=\u00a0\u00bbvc_col-lg-6 vc_col-md-12&Prime;][vc_empty_space height=\u00a0\u00bb15px\u00a0\u00bb][vc_column_text]No\u00ebl au Jardin d&rsquo;Eden Exposition des \u0153uvres de l\u2019artiste Junior Fritz Jacquet Dates [&hellip;]<\/p>\n","protected":false},"author":1,"featured_media":0,"parent":3645,"menu_order":0,"comment_status":"closed","ping_status":"closed","template":"full-width.php","meta":{"footnotes":""},"class_list":["post-30878","page","type-page","status-publish","hentry"],"_links":{"self":[{"href":"https:\/\/juniorfritzjacquet.com\/jfj\/wp-json\/wp\/v2\/pages\/30878"}],"collection":[{"href":"https:\/\/juniorfritzjacquet.com\/jfj\/wp-json\/wp\/v2\/pages"}],"about":[{"href":"https:\/\/juniorfritzjacquet.com\/jfj\/wp-json\/wp\/v2\/types\/page"}],"author":[{"embeddable":true,"href":"https:\/\/juniorfritzjacquet.com\/jfj\/wp-json\/wp\/v2\/users\/1"}],"replies":[{"embeddable":true,"href":"https:\/\/juniorfritzjacquet.com\/jfj\/wp-json\/wp\/v2\/comments?post=30878"}],"version-history":[{"count":21,"href":"https:\/\/juniorfritzjacquet.com\/jfj\/wp-json\/wp\/v2\/pages\/30878\/revisions"}],"predecessor-version":[{"id":31845,"href":"https:\/\/juniorfritzjacquet.com\/jfj\/wp-json\/wp\/v2\/pages\/30878\/revisions\/31845"}],"up":[{"embeddable":true,"href":"https:\/\/juniorfritzjacquet.com\/jfj\/wp-json\/wp\/v2\/pages\/3645"}],"wp:attachment":[{"href":"https:\/\/juniorfritzjacquet.com\/jfj\/wp-json\/wp\/v2\/media?parent=30878"}],"curies":[{"name":"wp","href":"https:\/\/api.w.org\/{rel}","templated":true}]}}