{"id":29297,"date":"2020-04-27T22:41:31","date_gmt":"2020-04-27T20:41:31","guid":{"rendered":"https:\/\/juniorfritzjacquet.com\/jfj\/?page_id=29297"},"modified":"2020-04-27T22:46:25","modified_gmt":"2020-04-27T20:46:25","slug":"vertige","status":"publish","type":"page","link":"https:\/\/juniorfritzjacquet.com\/jfj\/sculptures\/vertige\/","title":{"rendered":"Vertige"},"content":{"rendered":"<div style=\"padding:20px;Width:100%;text-align:center\">\n<h2>SCULPTURES<\/h2>\n<h3>Vertige<\/h3>\n<p>    <!--\n\n<p>Le Bonhomme Cannelle, oeuvre embl\u00e9matique du Sculpteur, est un \u00eatre myst\u00e9rieux sans visage dont les \u00e9motions sont r\u00e9v\u00e9l\u00e9es par le corps. \n    La l\u00e9g\u00e8ret\u00e9 du personnage contraste avec la solidit\u00e9 de sa plastique. Par cette s\u00e9rie, l\u2019artiste rend hommage \u00e0 ses racines. <\/p>\n\n\n    \n    \n\n<h5>Mes sculptures pour une histoire \u00e0 raconter vous m\u00eame, <br \/>voici la notre avec le bonhomme Cannelle !<\/h5>\n\n\n                       \n\n<p><img decoding=\"async\" src=\"https:\/\/juniorfritzjacquet.com\/jfj\/wp-content\/uploads\/2020\/04\/trait-sep.jpg\"><\/p>\n\n --><\/p>\n<div style=\"padding:0px;\">\n<h5>L\u2019\u00e2me du dressing pliage mod\u00e9lage &#8211; Papier craft<\/h5>\n<p>       <!-- \n\n<p>GERMES PLIAGE FROISSAGE MODELAGE - PAPIER PIGMENTS NATURELS<\/p>\n\n --><br \/>\n      <img decoding=\"async\" src=\"https:\/\/juniorfritzjacquet.com\/jfj\/wp-content\/uploads\/2020\/04\/vertige1.jpg\" width=\"100%\" height=\"\">\n    <\/div>\n<div style=\"padding:0px;\">\n<h5>L\u2019\u00e2me du dressing pliage mod\u00e9lage &#8211; Papier craft<\/h5>\n<p>        <!--\n\n<p>Il faut que je te parle de la lumi\u00e8re que j'ai vu l'autre soir !<\/p>\n\n --><br \/>\n      <img decoding=\"async\" src=\"https:\/\/juniorfritzjacquet.com\/jfj\/wp-content\/uploads\/2020\/04\/vertige2.jpg\" width=\"100%\" height=\"\">\n    <\/div>\n<div style=\"padding:0px;\">\n<h5>L\u2019\u00e2me du dressing pliage mod\u00e9lage &#8211; Papier craft<\/h5>\n<p>        <!--\n\n<p>Je dois avoir la p\u00eache pour y arriver<\/p>\n\n --><br \/>\n      <img decoding=\"async\" src=\"https:\/\/juniorfritzjacquet.com\/jfj\/wp-content\/uploads\/2020\/04\/vertige3.jpg\" width=\"100%\" height=\"\">\n    <\/div>\n<div style=\"padding:0px;\">\n<h5>L\u2019\u00e2me du dressing pliage mod\u00e9lage &#8211; Papier craft<\/h5>\n<p>        <!--\n\n<p>Je voulais t'en parler depuis mais j'attendais notre moment de Chill !<\/p>\n\n--><br \/>\n      <img decoding=\"async\" src=\"https:\/\/juniorfritzjacquet.com\/jfj\/wp-content\/uploads\/2020\/04\/vertige4.jpg\" width=\"100%\" height=\"\">\n    <\/div>\n<div style=\"padding:0px;\">\n<h5>L\u2019\u00e2me du dressing pliage mod\u00e9lage &#8211; Papier craft<\/h5>\n<p>        <!--\n\n<p>The sun is sunning now<\/p>\n\n  --><br \/>\n      <img decoding=\"async\" src=\"https:\/\/juniorfritzjacquet.com\/jfj\/wp-content\/uploads\/2020\/04\/vertige5.jpg\" width=\"100%\" height=\"\">\n    <\/div>\n<\/div>\n","protected":false},"excerpt":{"rendered":"<p>SCULPTURES Vertige L\u2019\u00e2me du dressing pliage mod\u00e9lage &#8211; Papier craft L\u2019\u00e2me du dressing pliage mod\u00e9lage &#8211; Papier craft L\u2019\u00e2me du dressing pliage mod\u00e9lage &#8211; Papier craft L\u2019\u00e2me du dressing pliage mod\u00e9lage &#8211; Papier craft L\u2019\u00e2me du dressing pliage mod\u00e9lage &#8211; [&hellip;]<\/p>\n","protected":false},"author":1,"featured_media":0,"parent":1190,"menu_order":0,"comment_status":"closed","ping_status":"closed","template":"","meta":{"footnotes":""},"class_list":["post-29297","page","type-page","status-publish","hentry"],"_links":{"self":[{"href":"https:\/\/juniorfritzjacquet.com\/jfj\/wp-json\/wp\/v2\/pages\/29297"}],"collection":[{"href":"https:\/\/juniorfritzjacquet.com\/jfj\/wp-json\/wp\/v2\/pages"}],"about":[{"href":"https:\/\/juniorfritzjacquet.com\/jfj\/wp-json\/wp\/v2\/types\/page"}],"author":[{"embeddable":true,"href":"https:\/\/juniorfritzjacquet.com\/jfj\/wp-json\/wp\/v2\/users\/1"}],"replies":[{"embeddable":true,"href":"https:\/\/juniorfritzjacquet.com\/jfj\/wp-json\/wp\/v2\/comments?post=29297"}],"version-history":[{"count":3,"href":"https:\/\/juniorfritzjacquet.com\/jfj\/wp-json\/wp\/v2\/pages\/29297\/revisions"}],"predecessor-version":[{"id":29307,"href":"https:\/\/juniorfritzjacquet.com\/jfj\/wp-json\/wp\/v2\/pages\/29297\/revisions\/29307"}],"up":[{"embeddable":true,"href":"https:\/\/juniorfritzjacquet.com\/jfj\/wp-json\/wp\/v2\/pages\/1190"}],"wp:attachment":[{"href":"https:\/\/juniorfritzjacquet.com\/jfj\/wp-json\/wp\/v2\/media?parent=29297"}],"curies":[{"name":"wp","href":"https:\/\/api.w.org\/{rel}","templated":true}]}}